{"id":38,"date":"2013-09-29T09:33:16","date_gmt":"2013-09-29T09:33:16","guid":{"rendered":"http:\/\/www.operalapira.it\/wp\/?page_id=38"},"modified":"2013-09-29T09:33:16","modified_gmt":"2013-09-29T09:33:16","slug":"giorgio-la-pira","status":"publish","type":"page","link":"https:\/\/operalapira.it\/?page_id=38","title":{"rendered":"<!--:it-->GIORGIO LA PIRA<!--:-->"},"content":{"rendered":"<p>Giorgio La Pira nasce a Pozzallo (Ragusa) nel 1904.\u00a0E\u2019 a Firenze nel 1924 e successivamente diviene professore ordinario di istituzioni di diritto romano.<br \/>\nIn quel primo periodo fiorentino nasce l\u2019esperienza della Messa di San Procolo, cos\u00ec chiamata dalla chiesa abbandonata che la ospit\u00f2 inizialmente, pensata e rivolta ai poveri. San Procolo, con tutti coloro che la frequentavano, divenne il luogo privilegiato per pregare e riflettere con i poveri sulla Chiesa, su Firenze, sul mondo.<br \/>\nNel 1946 fu eletto all\u2019Assemblea Costituente dove diede un contributo decisivo alla stesura dei primi articoli della nostra Costituzione, quelli fondamentali per l\u2019impronta personalista. Rieletto deputato, entr\u00f2 al governo al Ministero del lavoro con Fanfani.<br \/>\nNel 1951 divenne Sindaco di Firenze, carica che ricoprir\u00e0, salvo brevi interruzioni, fino al 1965. Difese con energia i pi\u00f9 deboli della citt\u00e0, i senza casa, i diritti dei lavoratori. Promosse i \u201cConvegni per la pace e la civilt\u00e0 cristiana\u201d, che si svolsero dal 1952 al 1956 con la partecipazione di uomini di cultura di tutto il mondo.<br \/>\nA Firenze, sede propizia alla riconciliazione tra i popoli, a cominciare dalla famiglia di Abramo (Ebrei, Cristiani e Musulmani), promosse, a partire dal 1958, i \u201cColloqui mediterranei\u201d, che posero le basi per la pace tra francesi ed algerini.<br \/>\nNel 1959, primo occidentale a superare la \u201ccortina di ferro\u201d si rec\u00f2 in Russia, dando corpo a quel ponte di preghiera, unit\u00e0 e pace tra oriente ed occidente, fondato sulla profezia e le promesse di Fatima.<br \/>\nNel 1965 si rec\u00f2 in Vietnam ed incontr\u00f2 personalmente Ho Ci Min; la bozza di accordo per una soluzione politica del sanguinoso conflitto da lui concordata fin da allora, costituir\u00e0, dopo alcuni anni e molti altri morti, la base per gli accordi di pace definitivi.<br \/>\nFu sempre legato alle suore di clausura, informandole e coinvolgendole nelle sue molteplici iniziative attraverso la preghiera, che considerava non soltanto nel suo aspetto personale ed intimo, ma anche come forza, la pi\u00f9 grande, di efficacia storica e politica.<br \/>\nVisse gli ultimi anni della sua vita fra i giovani, continuando a lavorare per la pace e l\u2019unit\u00e0 dei popoli a tutti i livelli.<br \/>\nMor\u00ec a Firenze il 5 novembre 1977.<br \/>\nIl 9 gennaio 1986, nella Basilica domenicana di San Marco, nel cui convento aveva a lungo vissuto, \u00e8 iniziata la fase diocesana del processo di beatificazione.<\/p>\n<p style=\"text-align: center;\"><em>Ho un solo alleato:<\/em><br \/>\n<em>la giustizia fraterna quale il Vangelo la presenta:<\/em><br \/>\n<em>ci\u00f2 significa:<\/em><br \/>\n<em>Lavoro per chi ne manca<\/em><br \/>\n<em>Casa per chi ne \u00e8 privo<\/em><br \/>\n<em>Assistenza per chi ne necessita<\/em><br \/>\n<em>Libert\u00e0 spirituale e politica per tutti<\/em><br \/>\n<em>Vocazione artistica e spirituale di Firenze nel quadro universale della civilt\u00e0 cristiana ed umana<\/em><br \/>\n<em>Non mi servo dei comuni metodi di meccanica parlamentare e partitica:<\/em><br \/>\n<em>a Firenze c&#8217;\u00e8 posto per tutti gli uomini di buona volont\u00e0 che hanno come obiettivo di azione i punti sopra indicati.<\/em><\/p>\n<p style=\"text-align: center;\">(Giorgio La Pira)<\/p>\n","protected":false},"excerpt":{"rendered":"<p>Giorgio La Pira nasce a Pozzallo (Ragusa) nel 1904.\u00a0E\u2019 a Firenze nel 1924 e successivamente diviene professore ordinario di istituzioni di diritto romano. In quel primo periodo fiorentino nasce l\u2019esperienza della Messa di San Procolo, cos\u00ec chiamata dalla chiesa abbandonata che la ospit\u00f2 inizialmente, pensata e rivolta ai poveri. San Procolo, con tutti coloro che [&hellip;]<\/p>\n","protected":false},"author":2,"featured_media":0,"parent":0,"menu_order":0,"comment_status":"open","ping_status":"closed","template":"","meta":{"footnotes":""},"class_list":["post-38","page","type-page","status-publish","hentry"],"_links":{"self":[{"href":"https:\/\/operalapira.it\/index.php?rest_route=\/wp\/v2\/pages\/38","targetHints":{"allow":["GET"]}}],"collection":[{"href":"https:\/\/operalapira.it\/index.php?rest_route=\/wp\/v2\/pages"}],"about":[{"href":"https:\/\/operalapira.it\/index.php?rest_route=\/wp\/v2\/types\/page"}],"author":[{"embeddable":true,"href":"https:\/\/operalapira.it\/index.php?rest_route=\/wp\/v2\/users\/2"}],"replies":[{"embeddable":true,"href":"https:\/\/operalapira.it\/index.php?rest_route=%2Fwp%2Fv2%2Fcomments&post=38"}],"version-history":[{"count":0,"href":"https:\/\/operalapira.it\/index.php?rest_route=\/wp\/v2\/pages\/38\/revisions"}],"wp:attachment":[{"href":"https:\/\/operalapira.it\/index.php?rest_route=%2Fwp%2Fv2%2Fmedia&parent=38"}],"curies":[{"name":"wp","href":"https:\/\/api.w.org\/{rel}","templated":true}]}}